491?
True
Is 3 a factor of 244?
False
Is 6 a factor of 7797?
False
Is 270 a multiple of 11?
False
Is 19 a factor of 722?
True
Is 62 a factor of 496?
True
Does 35 divide 455?
True
Is 84 a multiple of 14?
True
Does 8 divide 216?
True
Is 333 a factor of 106560?
True
Is 4 a factor of 10?
False
Does 83 divide 43735?
False
Is 89 a factor of 1780?
True
Is 80 a factor of 7040?
True
Is 11 a factor of 2981?
True
Does 9 divide 3890?
False
Is 150 a multiple of 10?
True
Is 75 a factor of 63750?
True
Is 13 a factor of 1482?
True
Is 3231 a multiple of 8?
False
Is 12819 a multiple of 106?
False
Is 1717 a multiple of 101?
True
Is 1146 a multiple of 30?
False
Is 114 a factor of 5624?
False
Does 17 divide 4421?
False
Does 205 divide 13227?
False
Is 52 a multiple of 11?
False
Is 141 a factor of 4512?
True
Is 23736 a multiple of 34?
False
Is 8580 a multiple of 39?
True
Is 78642 a multiple of 102?
True
Does 218 divide 20657?
False
Does 55 divide 14190?
True
Is 177 a multiple of 17?
False
Does 47 divide 80793?
True
Is 6 a factor of 67?
False
Does 4 divide 100?
True
Is 7 a factor of 544?
False
Does 111 divide 41514?
True
Does 93 divide 4092?
True
Is 28 a factor of 287?
False
Does 40 divide 315?
False
Is 106495 a multiple of 361?
True
Is 28 a factor of 68628?
True
Does 19 divide 152?
True
Is 1996 a multiple of 36?
False
Does 13 divide 12792?
True
Is 3696 a multiple of 12?
True
Is 30 a factor of 616?
False
Is 434 a multiple of 31?
True
Is 260 a multiple of 13?
True
Is 107164 a multiple of 12?
False
Is 12 a factor of 26?
False
Does 40 divide 560?
True
Does 68 divide 139045?
False
Is 570 a multiple of 15?
True
Is 35 a factor of 29590?
False
Does 14 divide 1330?
True
Is 808 a multiple of 8?
True
Does 32 divide 3200?
True
Does 8 divide 368?
True
Is 1215 a multiple of 81?
True
Is 13 a factor of 481?
True
Is 11603 a multiple of 13?
False
Is 50760 a multiple of 65?
False
Does 69 divide 1035?
True
Is 3255 a multiple of 5?
True
Is 576 a multiple of 8?
True
Is 21 a factor of 1806?
True
Is 4180 a multiple of 110?
True
Does 23 divide 3632?
False
Does 48 divide 85040?
False
Is 26 a factor of 512?
False
Does 101 divide 2727?
True
Is 23108 a multiple of 218?
True
Is 25197 a multiple of 103?
False
Does 18 divide 19314?
True
Is 61 a factor of 1220?
True
Is 3824 a multiple of 14?
False
Is 5461 a multiple of 70?
False
Is 116064 a multiple of 208?
True
Is 249 a multiple of 3?
True
Does 109 divide 14856?
False
Does 61 divide 36787?
False
Is 33495 a multiple of 21?
True
Is 14 a factor of 43401?
False
Is 1426 a multiple of 46?
True
Is 261 a multiple of 18?
False
Does 28 divide 4592?
True
Is 102 a multiple of 17?
True
Does 19 divide 1368?
True
Is 6 a factor of 3552?
True
Is 208 a factor of 18720?
True
Does 4 divide 131?
False
Is 12 a factor of 1806?
False
Is 2775 a multiple of 111?
True
Is 1977 a multiple of 17?
False
Is 17 a factor of 329?
False
Is 21190 a multiple of 13?
True
Is 2 a factor of 169?
False
Is 21639 a multiple of 49?
False
Is 31 a factor of 34689?
True
Does 9 divide 261?
True
Does 48 divide 14156?
False
Is 215 a factor of 4945?
True
Is 33414 a multiple of 16?
False
Is 76 a factor of 11400?
True
Does 68 divide 42431?
False
Does 9 divide 406?
False
Does 117 divide 6370?
False
Does 56 divide 8985?
False
Is 1076 a multiple of 13?
False
Is 285 a multiple of 11?
False
Is 8788 a multiple of 26?
True
Is 22 a factor of 1773?
False
Is 20705 a multiple of 101?
True
Does 6 divide 2391?
False
Does 44 divide 2156?
True
Is 35 a factor of 41790?
True
Does 42 divide 6668?
False
Does 75 divide 887?
False
Is 80 a factor of 400?
True
Does 6 divide 31527?
False
Is 17 a factor of 493?
True
Is 5221 a multiple of 23?
True
Is 146 a factor of 8030?
True
Is 8300 a multiple of 20?
True
Is 158 a factor of 4582?
True
Does 21 divide 827?
False
Does 52 divide 3138?
False
Does 15 divide 2325?
True
Is 59303 a multiple of 62?
False
Does 96 divide 9789?
False
Does 41 divide 65727?
False
Does 149 divide 11998?
False
Does 21 divide 105?
True
Is 1400 a multiple of 150?
False
Is 13 a factor of 4175?
False
Does 29 divide 116?
True
Does 113 divide 9379?
True
Does 11 divide 4873?
True
Does 6 divide 808?
False
Is 198 a multiple of 3?
True
Is 3 a factor of 237?
True
Is 22 a factor of 22?
True
Is 13720 a multiple of 49?
True
Does 25 divide 400?
True
Is 2 a factor of 424?
True
Does 14 divide 699?
False
Does 13 divide 707?
False
Is 17226 a multiple of 87?
True
Is 193 a factor of 127766?
True
Is 624 a multiple of 14?
False
Is 44 a factor of 3071?
False
Is 49 a factor of 1176?
True
Does 3 divide 62?
False
Is 4386 a multiple of 17?
True
Does 333 divide 77256?
True
Is 20274 a multiple of 62?
True
Is 8770 a multiple of 8?
False
Does 50 divide 1650?
True
Does 12 divide 1557?
False
Does 147 divide 2058?
True
Is 1575 a multiple of 25?
True
Does 7 divide 8121?
False
Is 118 a factor of 89916?
True
Does 77 divide 6249?
False
Is 2366 a multiple of 91?
True
Is 60188 a multiple of 164?
True
Is 783 a multiple of 87?
True
Is 16 a factor of 33840?
True
Does 9 divide 839?
False
Does 7 divide 133?
True
Is 3 a factor of 5641?
False
Is 268 even?
True
Is 2 a factor of 5510?
True
Is 60 even?
True
Is 28 a factor of 8441?
False
Is 28 a factor of 84?
True
Is 7 a factor of 3477?
False
Does 23 divide 13823?
True
Does 16 divide 2544?
True
Is 19165 a multiple of 9?
False
Does 12 divide 259?
False
Is 1704 a multiple of 12?
True
Is 425 a multiple of 17?
True
Is 1988 a multiple of 7?
True
Is 16 a factor of 48?
True
Does 85 divide 7404?
False
Is 13 a factor of 2492?
False
Is 35 a factor of 1073?
False
Is 1691 a multiple of 32?
False
Is 164 a factor of 18287?
False
Is 32805 a multiple of 33?
False
Does 15 divide 2100?
True
Is 9004 a multiple of 94?
False
Is 4 a factor of 1516?
True
Is 642 a multiple of 6?
True
Is 9 a factor of 954?
True
Is 9 a factor of 77661?
True
Is 1196 a multiple of 6?
False
Does 57 divide 5586?
True
Does 4 divide 12?
True
Is 79 a factor of 14790?
False
Is 608 a multiple of 38?
True
Does 7 divide 2966?
False
Is 25 a factor of 9132?
False
Is 17 a factor of 9843?
True
Is 93 a factor of 41435?
False
Does 36 divide 1855?
False
Is 53345 a multiple of 227?
True
Does 80 divide 1265?
False
Is 6835 a multiple of 11?
False
Is 32 a factor of 143?
False
Does 63 divide 61492?
False
Is 15 a factor of 3195?
True
Does 29 divide 4620?
False
Is 1165 a multiple of 5?
True
Is 1925 a multiple of 5?
True
Is 5 a factor of 4824?
False
Does 33 divide 33?
True
Does 132 divide 8844?
True
Is 10 a factor of 21861?
False
Is 183 even?
False
Is 2438 a multiple of 23?
True
Is 228 a multiple of 12?
True
Is 48748 a multiple of 14?
True
Is 132 a factor of 77880?
True
Is 4 a factor of 3958?
False
Is 416 a multiple of 52?
True
Does 14 divide 22064?
True
Is 54012 a multiple of 17?
False
Is 772 a multiple of 63?
False
Is 54 a factor of 256?
False
Is 22 a factor of 9759?
False
Is 96 a multiple of 17?
False
Is 50 a factor of 51340?
False
Is 5 a factor of 2188?
False
Does 85 divide 4182?
False
Does 3 divide 454?
False
Is 520 a multiple of 40?
True
Does 7 divide 6615?
True
Is 12 a factor of 19143?
False
Does 43 divide 2659?
False
Is 67 a factor of 3129?
False
Is 912 a multiple of 16?
True
Is 14 a factor of 677?
False
Does 17 divide 1836?
True
Does 2 divide 16998?
True
Is 2560 a multiple of 2?
True
Is 19928 a multiple of 88?
False
Does 37 divide 259?
True
Does 11 divide 11432?
False
Does 9 divide 1005?
False
Is 3599 a multiple of 7?
False
Is 1054 a multiple of 62?
True
Is 10712 a multiple of 52?
True
Is 4597 a multiple of 44?
False
Does 12 divide 10428?
True
Does 38 divide 266?
True
Does 14 divide 62475?
False
Does 7 divide 35469?
True
Does 22 divide 21450?
True
Does 20 divide 760?
True
Does 86 divide 71768?
False
Is 1086 a multiple of 8?
False
Does 126 divide 22783?
False
Is 954 even?
True
Is 3142 a multiple of 57?
False
Does 101 divide 9528?
False
Is 342 a multiple of 3?
True
Is 7136 a multiple of 32?
True
Is 112 a factor of 9296?
True
Does 37 divide 1057?
False
Is 93 a multiple of 93?
True
Is 292 a multiple of 5?
False
Is 22800 a multiple of 57?
True
Is 26664 a multiple of 57?
False
Is 26 a factor of 5512?
True
Does 31 divide 12990?
False
Does 68 divide 113171?
False
Is 714 a multiple of 2?
True
Does 109 divide 10464?
True
Is 11554 a multiple of 106?
True
Does 27 divide 1080